[INFO] fetching crate rusty-boy-advance 0.0.4...
[INFO] checking rusty-boy-advance-0.0.4 against master#cfbc6d4cf1acbac5c025acf8ed68929caa551df3 for pr-75494-beta
[INFO] extracting crate rusty-boy-advance 0.0.4 into /workspace/builds/worker-3/source
[INFO] validating manifest of crates.io crate rusty-boy-advance 0.0.4 on toolchain cfbc6d4cf1acbac5c025acf8ed68929caa551df3
[INFO] running `Command { std: "/workspace/cargo-home/bin/cargo" "+cfbc6d4cf1acbac5c025acf8ed68929caa551df3" "read-manifest" "--manifest-path" "Cargo.toml", kill_on_drop: false }`
[INFO] started tweaking crates.io crate rusty-boy-advance 0.0.4
[INFO] finished tweaking crates.io crate rusty-boy-advance 0.0.4
[INFO] tweaked toml for crates.io crate rusty-boy-advance 0.0.4 written to /workspace/builds/worker-3/source/Cargo.toml
[INFO] running `Command { std: "/workspace/cargo-home/bin/cargo" "+cfbc6d4cf1acbac5c025acf8ed68929caa551df3" "generate-lockfile" "--manifest-path" "Cargo.toml" "-Zno-index-update", kill_on_drop: false }`
[INFO] running `Command { std: "/workspace/cargo-home/bin/cargo" "+cfbc6d4cf1acbac5c025acf8ed68929caa551df3" "fetch" "--locked" "--manifest-path" "Cargo.toml", kill_on_drop: false }`
[INFO] running `Command { std: "docker" "create" "-v" "/var/lib/crater-agent-workspace/builds/worker-3/target:/opt/rustwide/target:rw,Z" "-v" "/var/lib/crater-agent-workspace/builds/worker-3/source:/opt/rustwide/workdir:ro,Z" "-v" "/var/lib/crater-agent-workspace/cargo-home:/opt/rustwide/cargo-home:ro,Z" "-v" "/var/lib/crater-agent-workspace/rustup-home:/opt/rustwide/rustup-home:ro,Z" "-e" "SOURCE_DIR=/opt/rustwide/workdir" "-e" "CARGO_TARGET_DIR=/opt/rustwide/target" "-e" "CARGO_HOME=/opt/rustwide/cargo-home" "-e" "RUSTUP_HOME=/opt/rustwide/rustup-home" "-w" "/opt/rustwide/workdir" "-m" "1610612736" "--user" "0:0" "--network" "none" "rustops/crates-build-env@sha256:a636fd89d022f18117e1dc8fb37a0a009933cdbbe082814857f0e2024962d47c" "/opt/rustwide/cargo-home/bin/cargo" "+cfbc6d4cf1acbac5c025acf8ed68929caa551df3" "metadata" "--no-deps" "--format-version=1", kill_on_drop: false }`
[INFO] [stdout] 2b6914cb3a79759caba28f339e38a0ab3193de7bd794e60a3a8b79950f4761a7
[INFO] [stderr] WARNING: Your kernel does not support swap limit capabilities or the cgroup is not mounted. Memory limited without swap.
[INFO] running `Command { std: "docker" "start" "-a" "2b6914cb3a79759caba28f339e38a0ab3193de7bd794e60a3a8b79950f4761a7", kill_on_drop: false }`
[INFO] running `Command { std: "docker" "inspect" "2b6914cb3a79759caba28f339e38a0ab3193de7bd794e60a3a8b79950f4761a7", kill_on_drop: false }`
[INFO] running `Command { std: "docker" "rm" "-f" "2b6914cb3a79759caba28f339e38a0ab3193de7bd794e60a3a8b79950f4761a7", kill_on_drop: false }`
[INFO] [stdout] 2b6914cb3a79759caba28f339e38a0ab3193de7bd794e60a3a8b79950f4761a7
[INFO] running `Command { std: "docker" "create" "-v" "/var/lib/crater-agent-workspace/builds/worker-3/target:/opt/rustwide/target:rw,Z" "-v" "/var/lib/crater-agent-workspace/builds/worker-3/source:/opt/rustwide/workdir:ro,Z" "-v" "/var/lib/crater-agent-workspace/cargo-home:/opt/rustwide/cargo-home:ro,Z" "-v" "/var/lib/crater-agent-workspace/rustup-home:/opt/rustwide/rustup-home:ro,Z" "-e" "SOURCE_DIR=/opt/rustwide/workdir" "-e" "CARGO_TARGET_DIR=/opt/rustwide/target" "-e" "CARGO_INCREMENTAL=0" "-e" "RUST_BACKTRACE=full" "-e" "RUSTFLAGS=--cap-lints=forbid" "-e" "CARGO_HOME=/opt/rustwide/cargo-home" "-e" "RUSTUP_HOME=/opt/rustwide/rustup-home" "-w" "/opt/rustwide/workdir" "-m" "1610612736" "--user" "0:0" "--network" "none" "rustops/crates-build-env@sha256:a636fd89d022f18117e1dc8fb37a0a009933cdbbe082814857f0e2024962d47c" "/opt/rustwide/cargo-home/bin/cargo" "+cfbc6d4cf1acbac5c025acf8ed68929caa551df3" "check" "--frozen" "--all" "--all-targets" "--message-format=json", kill_on_drop: false }`
[INFO] [stdout] 47682c8261026129b3ee1864b7767086c8f8451a492c03e2cfe5c20d199dee49
[INFO] [stderr] WARNING: Your kernel does not support swap limit capabilities or the cgroup is not mounted. Memory limited without swap.
[INFO] running `Command { std: "docker" "start" "-a" "47682c8261026129b3ee1864b7767086c8f8451a492c03e2cfe5c20d199dee49", kill_on_drop: false }`
[INFO] [stderr]     Checking rusty-boy-advance v0.0.4 (/opt/rustwide/workdir)
[INFO] [stdout] error[E0432]: unresolved import `alloc::slice::SliceConcatExt`
[INFO] [stdout]  --> src/gba/gba.rs:4:33
[INFO] [stdout]   |
[INFO] [stdout] 4 | use alloc::{boxed::Box, format, slice::SliceConcatExt, string::String, vec::Vec};
[INFO] [stdout]   |                                 ^^^^^^^^^^^^^^^^^^^^^ no `SliceConcatExt` in `slice`
[INFO] [stdout] 
[INFO] [stdout] 
[INFO] [stdout] error[E0554]: `#![feature]` may not be used on the beta release channel
[INFO] [stdout]  --> src/lib.rs:1:1
[INFO] [stdout]   |
[INFO] [stdout] 1 | #![feature(box_syntax)]
[INFO] [stdout]   | ^^^^^^^^^^^^^^^^^^^^^^^
[INFO] [stdout] 
[INFO] [stdout] 
[INFO] [stdout] error[E0554]: `#![feature]` may not be used on the beta release channel
[INFO] [stdout]  --> src/lib.rs:2:1
[INFO] [stdout]   |
[INFO] [stdout] 2 | #![feature(test)]
[INFO] [stdout]   | ^^^^^^^^^^^^^^^^^
[INFO] [stdout] 
[INFO] [stdout] 
[INFO] [stdout] error[E0554]: `#![feature]` may not be used on the beta release channel
[INFO] [stdout]  --> src/lib.rs:3:1
[INFO] [stdout]   |
[INFO] [stdout] 3 | #![feature(slice_concat_ext)]
[INFO] [stdout]   | ^^^^^^^^^^^^^^^^^^^^^^^^^^^^^
[INFO] [stdout] 
[INFO] [stdout] 
[INFO] [stdout] error[E0432]: unresolved import `alloc::slice::SliceConcatExt`
[INFO] [stdout]  --> src/gba/gba.rs:4:33
[INFO] [stdout]   |
[INFO] [stdout] 4 | use alloc::{boxed::Box, format, slice::SliceConcatExt, string::String, vec::Vec};
[INFO] [stdout]   |                                 ^^^^^^^^^^^^^^^^^^^^^ no `SliceConcatExt` in `slice`
[INFO] [stdout] 
[INFO] [stdout] 
[INFO] [stdout] warning: unused macro definition
[INFO] [stdout]   --> src/gba/gba.rs:7:1
[INFO] [stdout]    |
[INFO] [stdout] 7  | / macro_rules! println_maybe {
[INFO] [stdout] 8  | |   ($($arg:tt)*) => {{
[INFO] [stdout] 9  | |     let x = format!($($arg)*);
[INFO] [stdout] 10 | |     //dbg!(x);
[INFO] [stdout] 11 | |     //println!($($arg)*);
[INFO] [stdout] 12 | |   }};
[INFO] [stdout] 13 | | }
[INFO] [stdout]    | |_^
[INFO] [stdout]    |
[INFO] [stdout]    = note: `#[warn(unused_macros)]` on by default
[INFO] [stdout] 
[INFO] [stdout] 
[INFO] [stdout] warning: unnecessary parentheses around block return value
[INFO] [stdout]    --> src/gba/instructions/thumb.rs:384:7
[INFO] [stdout]     |
[INFO] [stdout] 384 |       (i32::from(gba.fetch_u16(addr) as i16) as u32) // Sign extend
[INFO] [stdout]     |       ^^^^^^^^^^^^^^^^^^^^^^^^^^^^^^^^^^^^^^^^^^^^^^ help: remove these parentheses
[INFO] [stdout]     |
[INFO] [stdout]     = note: `#[warn(unused_parens)]` on by default
[INFO] [stdout] 
[INFO] [stdout] 
[INFO] [stdout] warning: unnecessary parentheses around block return value
[INFO] [stdout]    --> src/gba/instructions/thumb.rs:389:5
[INFO] [stdout]     |
[INFO] [stdout] 389 |     (i32::from(gba.fetch_byte(addr) as i8) as u32) // Sign extend
[INFO] [stdout]     |     ^^^^^^^^^^^^^^^^^^^^^^^^^^^^^^^^^^^^^^^^^^^^^^ help: remove these parentheses
[INFO] [stdout] 
[INFO] [stdout] 
[INFO] [stdout] error[E0554]: `#![feature]` may not be used on the beta release channel
[INFO] [stdout]  --> src/lib.rs:1:1
[INFO] [stdout]   |
[INFO] [stdout] 1 | #![feature(box_syntax)]
[INFO] [stdout]   | ^^^^^^^^^^^^^^^^^^^^^^^
[INFO] [stdout] 
[INFO] [stdout] 
[INFO] [stdout] error[E0554]: `#![feature]` may not be used on the beta release channel
[INFO] [stdout]  --> src/lib.rs:2:1
[INFO] [stdout]   |
[INFO] [stdout] 2 | #![feature(test)]
[INFO] [stdout]   | ^^^^^^^^^^^^^^^^^
[INFO] [stdout] 
[INFO] [stdout] 
[INFO] [stdout] error[E0554]: `#![feature]` may not be used on the beta release channel
[INFO] [stdout]  --> src/lib.rs:3:1
[INFO] [stdout]   |
[INFO] [stdout] 3 | #![feature(slice_concat_ext)]
[INFO] [stdout]   | ^^^^^^^^^^^^^^^^^^^^^^^^^^^^^
[INFO] [stdout] 
[INFO] [stdout] 
[INFO] [stdout] warning: unused macro definition
[INFO] [stdout]   --> src/gba/gba.rs:7:1
[INFO] [stdout]    |
[INFO] [stdout] 7  | / macro_rules! println_maybe {
[INFO] [stdout] 8  | |   ($($arg:tt)*) => {{
[INFO] [stdout] 9  | |     let x = format!($($arg)*);
[INFO] [stdout] 10 | |     //dbg!(x);
[INFO] [stdout] 11 | |     //println!($($arg)*);
[INFO] [stdout] 12 | |   }};
[INFO] [stdout] 13 | | }
[INFO] [stdout]    | |_^
[INFO] [stdout]    |
[INFO] [stdout]    = note: `#[warn(unused_macros)]` on by default
[INFO] [stdout] 
[INFO] [stdout] 
[INFO] [stdout] warning: unnecessary parentheses around block return value
[INFO] [stdout]    --> src/gba/instructions/thumb.rs:384:7
[INFO] [stdout]     |
[INFO] [stdout] 384 |       (i32::from(gba.fetch_u16(addr) as i16) as u32) // Sign extend
[INFO] [stdout]     |       ^^^^^^^^^^^^^^^^^^^^^^^^^^^^^^^^^^^^^^^^^^^^^^ help: remove these parentheses
[INFO] [stdout]     |
[INFO] [stdout]     = note: `#[warn(unused_parens)]` on by default
[INFO] [stdout] 
[INFO] [stdout] 
[INFO] [stdout] warning: unnecessary parentheses around block return value
[INFO] [stdout]    --> src/gba/instructions/thumb.rs:389:5
[INFO] [stdout]     |
[INFO] [stdout] 389 |     (i32::from(gba.fetch_byte(addr) as i8) as u32) // Sign extend
[INFO] [stdout]     |     ^^^^^^^^^^^^^^^^^^^^^^^^^^^^^^^^^^^^^^^^^^^^^^ help: remove these parentheses
[INFO] [stdout] 
[INFO] [stdout] 
[INFO] [stdout] error: aborting due to 4 previous errors; 3 warnings emitted
[INFO] [stdout] 
[INFO] [stdout] 
[INFO] [stdout] Some errors have detailed explanations: E0432, E0554.
[INFO] [stdout] 
[INFO] [stdout] For more information about an error, try `rustc --explain E0432`.
[INFO] [stdout] 
[INFO] [stdout] error: aborting due to 4 previous errors; 3 warnings emitted
[INFO] [stdout] 
[INFO] [stdout] 
[INFO] [stdout] Some errors have detailed explanations: E0432, E0554.
[INFO] [stdout] 
[INFO] [stdout] For more information about an error, try `rustc --explain E0432`.
[INFO] [stdout] 
[INFO] [stderr] error: could not compile `rusty-boy-advance`.
[INFO] [stderr] 
[INFO] [stderr] To learn more, run the command again with --verbose.
[INFO] [stderr] warning: build failed, waiting for other jobs to finish...
[INFO] [stderr] error: build failed
[INFO] running `Command { std: "docker" "inspect" "47682c8261026129b3ee1864b7767086c8f8451a492c03e2cfe5c20d199dee49", kill_on_drop: false }`
[INFO] running `Command { std: "docker" "rm" "-f" "47682c8261026129b3ee1864b7767086c8f8451a492c03e2cfe5c20d199dee49", kill_on_drop: false }`
[INFO] [stdout] 47682c8261026129b3ee1864b7767086c8f8451a492c03e2cfe5c20d199dee49
